{"id":322,"date":"2023-05-18T01:41:00","date_gmt":"2023-05-18T01:41:00","guid":{"rendered":"http:\/\/localhost\/AtlantoCracies_1\/?page_id=322"},"modified":"2023-12-18T07:41:39","modified_gmt":"2023-12-18T07:41:39","slug":"portada","status":"publish","type":"page","link":"https:\/\/atlantocracies.com\/","title":{"rendered":"Portada"},"content":{"rendered":"<p style=\"line-height: 1.5; text-align: justify;\"><span style=\"color: #323437; font-size: 20px;\">Esta investigaci&oacute;n se enfoca en el estudio de la nobleza ib&eacute;rica en Espa&ntilde;a y Am&eacute;rica, desafiando la tradici&oacute;n arraigada de considerarlas realidades separadas. Se plantea la pregunta fundamental de si existe una nobleza transatl&aacute;ntica dentro del marco de la Monarqu&iacute;a Hisp&aacute;nica. El objetivo es investigar la continuidad espacial, jur&iacute;dica, social y humana del tejido nobiliario en ambos lados del Atl&aacute;ntico, centr&aacute;ndose en el &eacute;xito y las dificultades experimentadas por las &eacute;lites en su ascenso social y c&oacute;mo se aprovecharon o superaron los desaf&iacute;os transatl&aacute;nticos. Este enfoque rompe con la visi&oacute;n est&aacute;tica y conservadora de las aristocracias peninsulares, explorando la interacci&oacute;n entre cambio y continuidad y su impacto en las &eacute;lites del imperio. Para lograrlo, se emplear&aacute; una s&oacute;lida base de datos relacional y se examinar&aacute;n sagas familiares espec&iacute;ficas, permitiendo revelar nuevas dimensiones complementarias y contradictorias hasta ahora poco exploradas en la historiograf&iacute;a.<\/span><\/p>\n<blockquote>\n<p><p style=\"text-align: justify;\">Para m\u00e1s informaci\u00f3n, v\u00e9ase: Manuel Diaz-Ordo\u00f1ez, Domingo Savio Rodr\u00edguez Baena, Bartolom\u00e9 Yun-Casalilla, \u00ab<a href=\"https:\/\/academic.oup.com\/dsh\/article-pdf\/38\/3\/1014\/51309514\/fqad033.pdf\">A new approach for the construction of historical databases. NoSQL document oriented databases: the example of AtlantoCracies<\/a>\u00bb, Digital Scholarship in the Humanities, Volume 38, Issue 3, September 2023, Pages 1014\u20131032.<\/p>\n<\/blockquote>\n","protected":false},"excerpt":{"rendered":"<p>Esta investigaci&oacute;n se enfoca en el estudio de la nobleza ib&eacute;rica en Espa&ntilde;a y Am&eacute;rica, desafiando la tradici&oacute;n arraigada de considerarlas realidades separadas. Se plantea la pregunta fundamental de si existe una nobleza transatl&aacute;ntica dentro del marco de la Monarqu&iacute;a Hisp&aacute;nica. El objetivo es investigar la continuidad espacial, jur&iacute;dica, social [&hellip;]<\/p>\n","protected":false},"author":1,"featured_media":0,"parent":0,"menu_order":0,"comment_status":"closed","ping_status":"closed","template":"","meta":{"footnotes":""},"class_list":["post-322","page","type-page","status-publish","hentry"],"_links":{"self":[{"href":"https:\/\/atlantocracies.com\/index.php\/wp-json\/wp\/v2\/pages\/322","targetHints":{"allow":["GET"]}}],"collection":[{"href":"https:\/\/atlantocracies.com\/index.php\/wp-json\/wp\/v2\/pages"}],"about":[{"href":"https:\/\/atlantocracies.com\/index.php\/wp-json\/wp\/v2\/types\/page"}],"author":[{"embeddable":true,"href":"https:\/\/atlantocracies.com\/index.php\/wp-json\/wp\/v2\/users\/1"}],"replies":[{"embeddable":true,"href":"https:\/\/atlantocracies.com\/index.php\/wp-json\/wp\/v2\/comments?post=322"}],"version-history":[{"count":2,"href":"https:\/\/atlantocracies.com\/index.php\/wp-json\/wp\/v2\/pages\/322\/revisions"}],"predecessor-version":[{"id":861,"href":"https:\/\/atlantocracies.com\/index.php\/wp-json\/wp\/v2\/pages\/322\/revisions\/861"}],"wp:attachment":[{"href":"https:\/\/atlantocracies.com\/index.php\/wp-json\/wp\/v2\/media?parent=322"}],"curies":[{"name":"wp","href":"https:\/\/api.w.org\/{rel}","templated":true}]}}