{"id":130,"date":"2022-12-18T21:05:32","date_gmt":"2022-12-18T21:05:32","guid":{"rendered":"http:\/\/localhost\/AtlantoCracies_1\/incio-english\/"},"modified":"2022-12-18T21:05:32","modified_gmt":"2022-12-18T21:05:32","slug":"incio-english","status":"publish","type":"page","link":"https:\/\/atlantocracies.com\/index.php\/en\/incio-english\/","title":{"rendered":"Home"},"content":{"rendered":"<p style=\"text-align: justify;\">It is a deeply rooted tradition to study Iberian nobilities on both sides of the ocean as separate realities. Either the so-called &#8220;Indian&#8221; nobility is analyzed, or some (very few, apart from those exercised as positions in the Monarchy) of the activities of Castilian titles in America have been considered (i.e., Maruri, 2003, 2007, 2009, 2017, Felices, 2012). There is isolated data in these perspectives that allow us to think about a different dimension and dynamics, which lead to one of the main questions addressed in this project: can we speak of a transatlantic nobility within the framework of the Hispanic Monarchy? From here, we propose the possibility of investigating the spatial continuity &#8211; legal, social, human, etc. &#8211; of the noble fabric on both sides of the Atlantic, taking as a reference the collective that succeeded in their process of social ascent and questioning how they were able to take advantage of &#8211; or overcome the difficulties implied by &#8211; this transatlantic component.<\/p>\n<p style=\"text-align: justify;\">This research, which deepens and expands the path of studies led by Bartolom\u00e9 Yun Casalilla on the Castilian and Iberian aristocracies, and the circulation and role of elites in the shaping of the first global empire (Yun, 2002, 2009 or 2019, as well as Yun and Janssens, 2005), attempts to fill in some gaps in the historiography and proposes to lean towards new areas of research. This perspective is a part of an intertwined history, which not only helps take some distance from a now criticized view that emphasized the immobility of the peninsular aristocracies (see Yun, 1999 and Soria, 2000 and 2007, in particular), but also helps to better understand the conjunction between change and continuity, as well as the process of social ascent that occurred among the empire&#8217;s elites.<\/p>\n<p style=\"text-align: justify;\">This perspective needs a general study, based on a solid and sophisticated relational database dealing with as many individuals and families as possible, and an examination of specific sagas that allow us to see how the relationships between members of these groups and the way in which each one projected themselves across the ocean influenced the rise of family lineages. This &#8220;scaling game&#8221; will create questions about the general from the particular and vice versa, and will reveal complementary and contradictory dimensions that have been unexplored or underemphasized until now (Revel, ed. 1996 and 2005).<\/p>\n<blockquote><p>FELICES DE LA FUENTE, Mar\u00eda del Mar. 2012. La nueva nobleza titulada de Espa\u00f1a y Am\u00e9rica en el siglo XVIII (1701-1746). Entre el m\u00e9rito y la venalidad. Almer\u00eda, Universidad de Almer\u00eda.<br \/>\nMARURI VILLANUEVA, Ram\u00f3n. 2003. \u201cDe la vieja Monta\u00f1a a la Nueva Espa\u00f1a: los caminos hacia la nobleza titulada (siglo XVIII)\u201d, F. J. Aranda P\u00e9rez (coord.). Burgueses o ciudadanos en la Espa\u00f1a moderna. Cuenca, Universidad de Castilla-La Mancha. pp. 257-302.<br \/>\n\u2014\u2014\u2014. 2007. \u201cNacidos para triunfar: promoci\u00f3n de indianos de la Espa\u00f1a cant\u00e1brica a la nobleza titulada (siglos XVII &#8211; XIX)\u201d, en L. Sazatornil Ruiz (coord.). Arte y mecenazgo indiano: del Cant\u00e1brico al Caribe. Gij\u00f3n, Trea. pp. 141-172.<br \/>\n\u2014\u2014\u2014. 2009. \u201cPoder con poder se paga: t\u00edtulos nobiliarios en Indias (1681-1821)\u201d, Revista de Indias. Vol. LXIX, N\u00fam. 246. pp.207-240.<br \/>\n\u2014\u2014\u2014. 2017. \u201cLa nobleza titulada en los virreinatos indianos (siglos XVIII-XIX)\u201d, en G. A. Franco Rubio, N. Gonz\u00e1lez Heras y E. de Lorenzo \u00c1lvarez (coords.). Espa\u00f1a y el continente americano en el siglo XVIII. Actas del VI Congreso Internacional de la Sociedad Espa\u00f1ola de Estudios del Siglo XVIII. Gij\u00f3n, Trea &#8211; Sociedad Espa\u00f1ola de Estudios del Siglo XVIII. pp. 335-351<br \/>\nREVEL, Jacques. 1996. Jeux d\u00b4echeles. La micro-analyse \u00e0 l\u00b4exp\u00e9rience. Paris, Gallimard-Le Suil.<br \/>\n\u2014\u2014\u2014. 2005. Un momento historiogr\u00e1fico. Trece ensayos de historia social. Buenos Aires, Manantial.<br \/>\nSORIA MESA, Enrique. 2000. El cambio inm\u00f3vil. Transformaciones y permanencias en una elite de poder (C\u00f3rdoba, siglos XVI-XIX). C\u00f3rdoba, Ayuntamiento de C\u00f3rdoba.<br \/>\n\u2014\u2014\u2014. 2007. La nobleza en la Espa\u00f1a moderna: cambio y continuidad. Madrid, Marcial Pons.<br \/>\nYUN CASALILLA, Bartolom\u00e9 y JANSSENS, Paul (eds.). 2005. European Aristocracies and Colonial Elites. Patrimonial Management Strategies and Economic Development, 15th- 18th Centuries, London, Ashgate.<br \/>\nYUN CASALILLA, Bartolom\u00e9. 1999. \u201cDel centro a la periferia: la econom\u00eda espa\u00f1ola bajo Carlos II\u201d. Studia Historica: Historia Moderna, N\u00fam. 20. pp. 45-75.<br \/>\n\u2014\u2014\u2014. 2002. La gesti\u00f3n del poder: Corona y econom\u00edas aristocr\u00e1ticas en Castilla (siglos XVI-XVIII). Madrid, Akal.<br \/>\n\u2014\u2014\u2014. 2009. Las redes del imperio: \u00e9lites sociales en la articulaci\u00f3n de la Monarqu\u00eda hisp\u00e1nica, 1492-1714. Madrid, Marcial Pons.<br \/>\n\u2014\u2014\u2014. 2019. Iberian World Empires and the Globalization of Europe, 1415-1668. Singapore, Palgrave-McMillan.<\/p><\/blockquote>\n","protected":false},"excerpt":{"rendered":"<p>It is a deeply rooted tradition to study Iberian nobilities on both sides of the ocean as separate realities. Either the so-called &#8220;Indian&#8221; nobility is analyzed, or some (very few, apart from those exercised as positions in the Monarchy) of the activities of Castilian titles in America have been considered [&hellip;]<\/p>\n","protected":false},"author":1,"featured_media":0,"parent":0,"menu_order":0,"comment_status":"closed","ping_status":"closed","template":"page-templates\/template-fullwidth.php","meta":{"footnotes":""},"class_list":["post-130","page","type-page","status-publish","hentry"],"_links":{"self":[{"href":"https:\/\/atlantocracies.com\/index.php\/wp-json\/wp\/v2\/pages\/130","targetHints":{"allow":["GET"]}}],"collection":[{"href":"https:\/\/atlantocracies.com\/index.php\/wp-json\/wp\/v2\/pages"}],"about":[{"href":"https:\/\/atlantocracies.com\/index.php\/wp-json\/wp\/v2\/types\/page"}],"author":[{"embeddable":true,"href":"https:\/\/atlantocracies.com\/index.php\/wp-json\/wp\/v2\/users\/1"}],"replies":[{"embeddable":true,"href":"https:\/\/atlantocracies.com\/index.php\/wp-json\/wp\/v2\/comments?post=130"}],"version-history":[{"count":0,"href":"https:\/\/atlantocracies.com\/index.php\/wp-json\/wp\/v2\/pages\/130\/revisions"}],"wp:attachment":[{"href":"https:\/\/atlantocracies.com\/index.php\/wp-json\/wp\/v2\/media?parent=130"}],"curies":[{"name":"wp","href":"https:\/\/api.w.org\/{rel}","templated":true}]}}